{"id":7,"date":"2024-12-05T13:23:54","date_gmt":"2024-12-05T12:23:54","guid":{"rendered":"https:\/\/philippemiska-conseils.com\/?page_id=7"},"modified":"2024-12-19T10:01:52","modified_gmt":"2024-12-19T09:01:52","slug":"accueil","status":"publish","type":"page","link":"https:\/\/philippemiska-conseils.com\/","title":{"rendered":"Accueil"},"content":{"rendered":"\n<div class=\"wp-block-group\"><div class=\"wp-block-group__inner-container is-layout-constrained wp-block-group-is-layout-constrained\">\n<figure class=\"wp-block-image size-full\"><img loading=\"lazy\" decoding=\"async\" width=\"1354\" height=\"911\" src=\"https:\/\/philippemiska-conseils.com\/wp-content\/uploads\/2024\/12\/IMG_2017.jpeg\" alt=\"\" class=\"wp-image-515\" srcset=\"https:\/\/philippemiska-conseils.com\/wp-content\/uploads\/2024\/12\/IMG_2017.jpeg 1354w, https:\/\/philippemiska-conseils.com\/wp-content\/uploads\/2024\/12\/IMG_2017-300x202.jpeg 300w, https:\/\/philippemiska-conseils.com\/wp-content\/uploads\/2024\/12\/IMG_2017-1024x689.jpeg 1024w, https:\/\/philippemiska-conseils.com\/wp-content\/uploads\/2024\/12\/IMG_2017-768x517.jpeg 768w\" sizes=\"auto, (max-width: 1354px) 100vw, 1354px\" \/><\/figure>\n<\/div><\/div>\n\n\n\n<div class=\"wp-block-cover alignfull\" style=\"padding-top:var(--wp--preset--spacing--80);padding-right:var(--wp--preset--spacing--50);padding-bottom:var(--wp--preset--spacing--80);padding-left:var(--wp--preset--spacing--50)\"><span aria-hidden=\"true\" class=\"wp-block-cover__background has-nv-site-bg-background-color has-background-dim-100 has-background-dim\"><\/span><div class=\"wp-block-cover__inner-container is-layout-flow wp-block-cover-is-layout-flow\">\n<div class=\"wp-block-group\"><div class=\"wp-block-group__inner-container is-layout-constrained wp-block-group-is-layout-constrained\">\n<h2 class=\"wp-block-heading has-text-align-center has-neve-text-color-color has-text-color has-link-color wp-elements-5e3ab9e26d4a319b29f1bc23224bd92e\">Nos clients obtiennent des r\u00e9sultats rapides adapt\u00e9s \u00e0 leurs enjeux<\/h2>\n\n\n\n<h2 class=\"wp-block-heading has-text-align-center has-neve-text-color-color has-text-color has-link-color wp-elements-c01899d57966e1edfe93396629afa995\"><\/h2>\n\n\n\n<div style=\"height:80px\" aria-hidden=\"true\" class=\"wp-block-spacer\"><\/div>\n\n\n\n<div style=\"height:16px\" aria-hidden=\"true\" class=\"wp-block-spacer\"><\/div>\n<\/div><\/div>\n\n\n\n<div class=\"wp-block-columns are-vertically-aligned-center has-neve-text-color-color has-text-color has-link-color wp-elements-ad1482345ce026b7ac1e664a8728cadd is-layout-flex wp-container-core-columns-is-layout-d735db0d wp-block-columns-is-layout-flex\" style=\"padding-top:0;padding-right:0;padding-bottom:0;padding-left:0\">\n<div class=\"wp-block-column is-vertically-aligned-center is-layout-flow wp-block-column-is-layout-flow\" style=\"padding-top:var(--wp--preset--spacing--40);padding-right:var(--wp--preset--spacing--50);padding-bottom:var(--wp--preset--spacing--40);padding-left:var(--wp--preset--spacing--50)\">\n<p class=\"has-medium-font-size\"><strong>01<\/strong><\/p>\n\n\n\n<h2 class=\"wp-block-heading\">Une croissance claire et p\u00e9renne<\/h2>\n\n\n\n<p>Appuy\u00e9e sur un plan d\u2019action structur\u00e9<\/p>\n<\/div>\n\n\n\n<div class=\"wp-block-column is-vertically-aligned-center is-layout-flow wp-block-column-is-layout-flow\" style=\"padding-top:0;padding-right:0;padding-bottom:0;padding-left:0\"><div class=\"wp-block-image is-style-default\">\n<figure class=\"aligncenter size-full has-custom-border\" id=\"wp-block-themeisle-blocks-image-b261ce5a\"><img loading=\"lazy\" decoding=\"async\" width=\"881\" height=\"715\" src=\"https:\/\/philippemiska-conseils.com\/wp-content\/uploads\/2024\/12\/IMG_2013-1.jpeg\" alt=\"\" class=\"wp-image-501\" style=\"border-radius:0px;aspect-ratio:1;object-fit:cover\" srcset=\"https:\/\/philippemiska-conseils.com\/wp-content\/uploads\/2024\/12\/IMG_2013-1.jpeg 881w, https:\/\/philippemiska-conseils.com\/wp-content\/uploads\/2024\/12\/IMG_2013-1-300x243.jpeg 300w, https:\/\/philippemiska-conseils.com\/wp-content\/uploads\/2024\/12\/IMG_2013-1-768x623.jpeg 768w\" sizes=\"auto, (max-width: 881px) 100vw, 881px\" \/><\/figure>\n<\/div><\/div>\n<\/div>\n\n\n\n<div class=\"wp-block-columns are-vertically-aligned-center has-neve-text-color-color has-text-color has-link-color wp-elements-5c758afde4e8d524c1fc90a649f473ba is-layout-flex wp-container-core-columns-is-layout-d735db0d wp-block-columns-is-layout-flex\" style=\"padding-top:0;padding-right:0;padding-bottom:0;padding-left:0\">\n<div class=\"wp-block-column is-vertically-aligned-center is-layout-flow wp-block-column-is-layout-flow\" style=\"padding-top:0;padding-right:0;padding-bottom:0;padding-left:0\"><div class=\"wp-block-image is-style-default\">\n<figure class=\"aligncenter size-full has-custom-border\" id=\"wp-block-themeisle-blocks-image-d6c21ff0\"><img loading=\"lazy\" decoding=\"async\" width=\"1280\" height=\"853\" src=\"https:\/\/philippemiska-conseils.com\/wp-content\/uploads\/2024\/12\/IMG_1983.jpeg\" alt=\"\" class=\"wp-image-445\" style=\"border-radius:0px;aspect-ratio:1;object-fit:cover\" srcset=\"https:\/\/philippemiska-conseils.com\/wp-content\/uploads\/2024\/12\/IMG_1983.jpeg 1280w, https:\/\/philippemiska-conseils.com\/wp-content\/uploads\/2024\/12\/IMG_1983-300x200.jpeg 300w, https:\/\/philippemiska-conseils.com\/wp-content\/uploads\/2024\/12\/IMG_1983-1024x682.jpeg 1024w, https:\/\/philippemiska-conseils.com\/wp-content\/uploads\/2024\/12\/IMG_1983-768x512.jpeg 768w, https:\/\/philippemiska-conseils.com\/wp-content\/uploads\/2024\/12\/IMG_1983-930x620.jpeg 930w\" sizes=\"auto, (max-width: 1280px) 100vw, 1280px\" \/><\/figure>\n<\/div><\/div>\n\n\n\n<div class=\"wp-block-column is-vertically-aligned-center is-layout-flow wp-block-column-is-layout-flow\" style=\"padding-top:var(--wp--preset--spacing--40);padding-right:var(--wp--preset--spacing--40);padding-bottom:var(--wp--preset--spacing--40);padding-left:var(--wp--preset--spacing--40)\">\n<p class=\"has-medium-font-size\"><strong>02<\/strong><\/p>\n\n\n\n<h2 class=\"wp-block-heading\">Une rentabilit\u00e9 am\u00e9lior\u00e9e<\/h2>\n\n\n\n<p>Gr\u00e2ce \u00e0 l\u2019optimisation des co\u00fbts et des marges.<\/p>\n<\/div>\n<\/div>\n\n\n\n<div class=\"wp-block-columns are-vertically-aligned-center has-neve-text-color-color has-text-color has-link-color wp-elements-4988cf5309a12a6837b054f17532fdaf is-layout-flex wp-container-core-columns-is-layout-d735db0d wp-block-columns-is-layout-flex\" style=\"padding-top:0;padding-right:0;padding-bottom:0;padding-left:0\">\n<div class=\"wp-block-column is-vertically-aligned-center is-layout-flow wp-block-column-is-layout-flow\" style=\"padding-top:var(--wp--preset--spacing--40);padding-right:var(--wp--preset--spacing--50);padding-bottom:var(--wp--preset--spacing--40);padding-left:var(--wp--preset--spacing--50)\">\n<p class=\"has-medium-font-size\"><strong>03<\/strong><\/p>\n\n\n\n<h2 class=\"wp-block-heading\">Une satisfaction Client accrue et des revenus r\u00e9currents<\/h2>\n\n\n\n<p>D\u00fbs \u00e0 une fid\u00e9lisation Client renforc\u00e9e.<\/p>\n<\/div>\n\n\n\n<div class=\"wp-block-column is-vertically-aligned-center is-layout-flow wp-block-column-is-layout-flow\" style=\"padding-top:0;padding-right:0;padding-bottom:0;padding-left:0\"><div class=\"wp-block-image is-style-default\">\n<figure class=\"aligncenter size-full has-custom-border\" id=\"wp-block-themeisle-blocks-image-6ec40326\"><img loading=\"lazy\" decoding=\"async\" width=\"1280\" height=\"752\" src=\"https:\/\/philippemiska-conseils.com\/wp-content\/uploads\/2024\/12\/IMG_1986-1.jpeg\" alt=\"\" class=\"wp-image-451\" style=\"border-radius:0px;aspect-ratio:1;object-fit:cover\" srcset=\"https:\/\/philippemiska-conseils.com\/wp-content\/uploads\/2024\/12\/IMG_1986-1.jpeg 1280w, https:\/\/philippemiska-conseils.com\/wp-content\/uploads\/2024\/12\/IMG_1986-1-300x176.jpeg 300w, https:\/\/philippemiska-conseils.com\/wp-content\/uploads\/2024\/12\/IMG_1986-1-1024x602.jpeg 1024w, https:\/\/philippemiska-conseils.com\/wp-content\/uploads\/2024\/12\/IMG_1986-1-768x451.jpeg 768w\" sizes=\"auto, (max-width: 1280px) 100vw, 1280px\" \/><\/figure>\n<\/div><\/div>\n<\/div>\n\n\n\n<div class=\"wp-block-columns are-vertically-aligned-center has-neve-text-color-color has-text-color has-link-color wp-elements-1503cdf946731f12bc0fb03d091473ae is-layout-flex wp-container-core-columns-is-layout-d735db0d wp-block-columns-is-layout-flex\" style=\"padding-top:0;padding-right:0;padding-bottom:0;padding-left:0\">\n<div class=\"wp-block-column is-vertically-aligned-center is-layout-flow wp-block-column-is-layout-flow\" style=\"padding-top:var(--wp--preset--spacing--40);padding-right:var(--wp--preset--spacing--50);padding-bottom:var(--wp--preset--spacing--40);padding-left:var(--wp--preset--spacing--50)\">\n<p class=\"has-medium-font-size\"><strong>04<\/strong><\/p>\n\n\n\n<h2 class=\"wp-block-heading\">Une r\u00e9duction des d\u00e9lais et meilleure gestion des ressources<\/h2>\n\n\n\n<p>Rendus possible par des processus simplifi\u00e9s.<\/p>\n<\/div>\n\n\n\n<div class=\"wp-block-column is-vertically-aligned-center is-layout-flow wp-block-column-is-layout-flow\" style=\"padding-top:0;padding-right:0;padding-bottom:0;padding-left:0\"><div class=\"wp-block-image is-style-default\">\n<figure class=\"aligncenter size-full has-custom-border\" id=\"wp-block-themeisle-blocks-image-6ec40326\"><img loading=\"lazy\" decoding=\"async\" width=\"1280\" height=\"848\" src=\"https:\/\/philippemiska-conseils.com\/wp-content\/uploads\/2024\/12\/IMG_1989.jpeg\" alt=\"\" class=\"wp-image-455\" style=\"border-radius:0px;aspect-ratio:1;object-fit:cover\" srcset=\"https:\/\/philippemiska-conseils.com\/wp-content\/uploads\/2024\/12\/IMG_1989.jpeg 1280w, https:\/\/philippemiska-conseils.com\/wp-content\/uploads\/2024\/12\/IMG_1989-300x199.jpeg 300w, https:\/\/philippemiska-conseils.com\/wp-content\/uploads\/2024\/12\/IMG_1989-1024x678.jpeg 1024w, https:\/\/philippemiska-conseils.com\/wp-content\/uploads\/2024\/12\/IMG_1989-768x509.jpeg 768w\" sizes=\"auto, (max-width: 1280px) 100vw, 1280px\" \/><\/figure>\n<\/div><\/div>\n<\/div>\n\n\n\n<div class=\"wp-block-columns are-vertically-aligned-center has-neve-text-color-color has-text-color has-link-color wp-elements-0104b06838ccb4206b0c5b89c89fa34a is-layout-flex wp-container-core-columns-is-layout-d735db0d wp-block-columns-is-layout-flex\" style=\"padding-top:0;padding-right:0;padding-bottom:0;padding-left:0\">\n<div class=\"wp-block-column is-vertically-aligned-center is-layout-flow wp-block-column-is-layout-flow\" style=\"padding-top:var(--wp--preset--spacing--40);padding-right:var(--wp--preset--spacing--50);padding-bottom:var(--wp--preset--spacing--40);padding-left:var(--wp--preset--spacing--50)\">\n<p class=\"has-medium-font-size\"><strong>05<\/strong><\/p>\n\n\n\n<h2 class=\"wp-block-heading\">Une int\u00e9gration efficace de solutions digitales<\/h2>\n\n\n\n<p>Pour booster votre performance et votre comp\u00e9titivit\u00e9.<\/p>\n<\/div>\n\n\n\n<div class=\"wp-block-column is-vertically-aligned-center is-layout-flow wp-block-column-is-layout-flow\" style=\"padding-top:0;padding-right:0;padding-bottom:0;padding-left:0\"><div class=\"wp-block-image is-style-default\">\n<figure class=\"aligncenter size-full has-custom-border\" id=\"wp-block-themeisle-blocks-image-6ec40326\"><img loading=\"lazy\" decoding=\"async\" width=\"1280\" height=\"853\" src=\"https:\/\/philippemiska-conseils.com\/wp-content\/uploads\/2024\/12\/IMG_1990.jpeg\" alt=\"\" class=\"wp-image-458\" style=\"border-radius:0px;aspect-ratio:1;object-fit:cover\" srcset=\"https:\/\/philippemiska-conseils.com\/wp-content\/uploads\/2024\/12\/IMG_1990.jpeg 1280w, https:\/\/philippemiska-conseils.com\/wp-content\/uploads\/2024\/12\/IMG_1990-300x200.jpeg 300w, https:\/\/philippemiska-conseils.com\/wp-content\/uploads\/2024\/12\/IMG_1990-1024x682.jpeg 1024w, https:\/\/philippemiska-conseils.com\/wp-content\/uploads\/2024\/12\/IMG_1990-768x512.jpeg 768w, https:\/\/philippemiska-conseils.com\/wp-content\/uploads\/2024\/12\/IMG_1990-930x620.jpeg 930w\" sizes=\"auto, (max-width: 1280px) 100vw, 1280px\" \/><\/figure>\n<\/div><\/div>\n<\/div>\n\n\n\n<div class=\"wp-block-columns are-vertically-aligned-center has-neve-text-color-color has-text-color has-link-color wp-elements-274d7ae7648a019f23ae91f5ddfeb7f4 is-layout-flex wp-container-core-columns-is-layout-d735db0d wp-block-columns-is-layout-flex\" style=\"padding-top:0;padding-right:0;padding-bottom:0;padding-left:0\">\n<div class=\"wp-block-column is-vertically-aligned-center is-layout-flow wp-block-column-is-layout-flow\" style=\"padding-top:0;padding-right:0;padding-bottom:0;padding-left:0\"><div class=\"wp-block-image is-style-default\">\n<figure class=\"aligncenter size-full has-custom-border\" id=\"wp-block-themeisle-blocks-image-c58ef141\"><img loading=\"lazy\" decoding=\"async\" width=\"803\" height=\"512\" src=\"https:\/\/philippemiska-conseils.com\/wp-content\/uploads\/2024\/12\/IMG_1987.jpeg\" alt=\"\" class=\"wp-image-460\" style=\"border-radius:0px;aspect-ratio:1;object-fit:cover\" srcset=\"https:\/\/philippemiska-conseils.com\/wp-content\/uploads\/2024\/12\/IMG_1987.jpeg 803w, https:\/\/philippemiska-conseils.com\/wp-content\/uploads\/2024\/12\/IMG_1987-300x191.jpeg 300w, https:\/\/philippemiska-conseils.com\/wp-content\/uploads\/2024\/12\/IMG_1987-768x490.jpeg 768w\" sizes=\"auto, (max-width: 803px) 100vw, 803px\" \/><\/figure>\n<\/div><\/div>\n\n\n\n<div class=\"wp-block-column is-vertically-aligned-center is-layout-flow wp-block-column-is-layout-flow\" style=\"padding-top:var(--wp--preset--spacing--40);padding-right:var(--wp--preset--spacing--40);padding-bottom:var(--wp--preset--spacing--40);padding-left:var(--wp--preset--spacing--40)\">\n<p class=\"has-medium-font-size\"><strong>06<\/strong><\/p>\n\n\n\n<h2 class=\"wp-block-heading\">Une \u00e9quipe mobilis\u00e9e et align\u00e9e<\/h2>\n\n\n\n<p>Contribuant activement \u00e0 vos r\u00e9sultats.<\/p>\n<\/div>\n<\/div>\n<\/div><\/div>\n\n\n\n<div class=\"wp-block-cover alignfull has-neve-text-color-color has-text-color has-link-color wp-elements-ccf3fb9fd59ffa9fe3e261f485d8b84b\" style=\"padding-top:var(--wp--preset--spacing--80);padding-right:var(--wp--preset--spacing--40);padding-bottom:var(--wp--preset--spacing--80);padding-left:var(--wp--preset--spacing--40)\"><span aria-hidden=\"true\" class=\"wp-block-cover__background has-nv-light-bg-background-color has-background-dim-100 has-background-dim\"><\/span><div class=\"wp-block-cover__inner-container is-layout-flow wp-block-cover-is-layout-flow\">\n<div class=\"wp-block-columns is-layout-flex wp-container-core-columns-is-layout-9d6595d7 wp-block-columns-is-layout-flex\">\n<div class=\"wp-block-column is-layout-flow wp-block-column-is-layout-flow\" style=\"flex-basis:100%\">\n<div class=\"wp-block-group is-vertical is-content-justification-center is-layout-flex wp-container-core-group-is-layout-4b2eccd6 wp-block-group-is-layout-flex\">\n<p class=\"big-number has-nv-site-bg-color has-text-color has-link-color wp-elements-7317916ea004435fd774de1ee28f495d\" style=\"font-size:220px\"><\/p>\n\n\n\n<h2 class=\"wp-block-heading has-text-align-center has-neve-text-color-color has-text-color has-link-color wp-elements-41bda5dd5c89c526e0c3eec2368d1ce2\">Approche Op\u00e9rationnelle<br>et<br>Vision Strat\u00e9gique<\/h2>\n\n\n\n<div style=\"height:0px\" aria-hidden=\"true\" class=\"wp-block-spacer wp-container-content-f9bd05ee\"><\/div>\n<\/div>\n<\/div>\n<\/div>\n\n\n\n<div class=\"wp-block-columns are-vertically-aligned-top is-layout-flex wp-container-core-columns-is-layout-9d6595d7 wp-block-columns-is-layout-flex\">\n<div class=\"wp-block-column is-vertically-aligned-top is-layout-flow wp-block-column-is-layout-flow\">\n<div class=\"wp-block-group has-nv-site-bg-background-color has-background\" style=\"border-radius:0px;border-bottom-color:var(--wp--preset--color--neve-link-color);border-bottom-width:8px;padding-top:var(--wp--preset--spacing--40);padding-right:var(--wp--preset--spacing--40);padding-bottom:var(--wp--preset--spacing--40);padding-left:var(--wp--preset--spacing--40)\"><div class=\"wp-block-group__inner-container is-layout-constrained wp-container-core-group-is-layout-65a08581 wp-block-group-is-layout-constrained\">\n<div style=\"height:28px\" aria-hidden=\"true\" class=\"wp-block-spacer\"><\/div>\n\n\n<div class=\"wp-block-image\">\n<figure class=\"aligncenter size-full is-resized\"><img loading=\"lazy\" decoding=\"async\" width=\"1280\" height=\"791\" src=\"https:\/\/philippemiska-conseils.com\/wp-content\/uploads\/2024\/12\/IMG_1993.jpeg\" alt=\"\" class=\"wp-image-465\" style=\"width:227px;height:auto\" srcset=\"https:\/\/philippemiska-conseils.com\/wp-content\/uploads\/2024\/12\/IMG_1993.jpeg 1280w, https:\/\/philippemiska-conseils.com\/wp-content\/uploads\/2024\/12\/IMG_1993-300x185.jpeg 300w, https:\/\/philippemiska-conseils.com\/wp-content\/uploads\/2024\/12\/IMG_1993-1024x633.jpeg 1024w, https:\/\/philippemiska-conseils.com\/wp-content\/uploads\/2024\/12\/IMG_1993-768x475.jpeg 768w\" sizes=\"auto, (max-width: 1280px) 100vw, 1280px\" \/><\/figure>\n<\/div>\n\n\n<div style=\"height:28px\" aria-hidden=\"true\" class=\"wp-block-spacer\"><\/div>\n\n\n\n<h3 class=\"wp-block-heading has-text-align-center\"><strong>PRISME<\/strong><\/h3>\n\n\n\n<p class=\"has-text-align-center\">Une m\u00e9thode 360\u00b0 pour prioriser les solutions \u00e0 fort impact<\/p>\n<\/div><\/div>\n<\/div>\n\n\n\n<div class=\"wp-block-column is-vertically-aligned-top is-layout-flow wp-block-column-is-layout-flow\">\n<div class=\"wp-block-group has-nv-site-bg-background-color has-background\" style=\"border-radius:0px;border-bottom-color:var(--wp--preset--color--neve-link-hover-color);border-bottom-width:8px;padding-top:var(--wp--preset--spacing--40);padding-right:var(--wp--preset--spacing--40);padding-bottom:var(--wp--preset--spacing--40);padding-left:var(--wp--preset--spacing--40)\"><div class=\"wp-block-group__inner-container is-layout-constrained wp-container-core-group-is-layout-65a08581 wp-block-group-is-layout-constrained\">\n<div style=\"height:28px\" aria-hidden=\"true\" class=\"wp-block-spacer\"><\/div>\n\n\n<div class=\"wp-block-image\">\n<figure class=\"aligncenter size-full is-resized\"><img loading=\"lazy\" decoding=\"async\" width=\"1280\" height=\"858\" src=\"https:\/\/philippemiska-conseils.com\/wp-content\/uploads\/2024\/12\/IMG_1994.jpeg\" alt=\"\" class=\"wp-image-467\" style=\"width:213px;height:auto\" srcset=\"https:\/\/philippemiska-conseils.com\/wp-content\/uploads\/2024\/12\/IMG_1994.jpeg 1280w, https:\/\/philippemiska-conseils.com\/wp-content\/uploads\/2024\/12\/IMG_1994-300x201.jpeg 300w, https:\/\/philippemiska-conseils.com\/wp-content\/uploads\/2024\/12\/IMG_1994-1024x686.jpeg 1024w, https:\/\/philippemiska-conseils.com\/wp-content\/uploads\/2024\/12\/IMG_1994-768x515.jpeg 768w\" sizes=\"auto, (max-width: 1280px) 100vw, 1280px\" \/><\/figure>\n<\/div>\n\n\n<div style=\"height:28px\" aria-hidden=\"true\" class=\"wp-block-spacer\"><\/div>\n\n\n\n<h3 class=\"wp-block-heading has-text-align-center\"><strong>SYNERGIE<\/strong><\/h3>\n\n\n\n<p class=\"has-text-align-center\">Une d\u00e9marche collaborative et humaine<br><\/p>\n<\/div><\/div>\n<\/div>\n\n\n\n<div class=\"wp-block-column is-vertically-aligned-top is-layout-flow wp-block-column-is-layout-flow\">\n<div class=\"wp-block-group has-nv-site-bg-background-color has-background\" style=\"border-radius:0px;border-bottom-color:var(--wp--preset--color--nv-c-2);border-bottom-width:8px;padding-top:var(--wp--preset--spacing--40);padding-right:var(--wp--preset--spacing--40);padding-bottom:var(--wp--preset--spacing--40);padding-left:var(--wp--preset--spacing--40)\"><div class=\"wp-block-group__inner-container is-layout-constrained wp-container-core-group-is-layout-65a08581 wp-block-group-is-layout-constrained\">\n<div style=\"height:28px\" aria-hidden=\"true\" class=\"wp-block-spacer\"><\/div>\n\n\n<div class=\"wp-block-image\">\n<figure class=\"aligncenter size-full\"><img loading=\"lazy\" decoding=\"async\" width=\"1284\" height=\"561\" src=\"https:\/\/philippemiska-conseils.com\/wp-content\/uploads\/2024\/12\/IMG_2003.jpeg\" alt=\"\" class=\"wp-image-472\" srcset=\"https:\/\/philippemiska-conseils.com\/wp-content\/uploads\/2024\/12\/IMG_2003.jpeg 1284w, https:\/\/philippemiska-conseils.com\/wp-content\/uploads\/2024\/12\/IMG_2003-300x131.jpeg 300w, https:\/\/philippemiska-conseils.com\/wp-content\/uploads\/2024\/12\/IMG_2003-1024x447.jpeg 1024w, https:\/\/philippemiska-conseils.com\/wp-content\/uploads\/2024\/12\/IMG_2003-768x336.jpeg 768w\" sizes=\"auto, (max-width: 1284px) 100vw, 1284px\" \/><\/figure>\n<\/div>\n\n\n<div style=\"height:28px\" aria-hidden=\"true\" class=\"wp-block-spacer\"><\/div>\n\n\n\n<h3 class=\"wp-block-heading has-text-align-center\"><strong>LE PARCOURS<\/strong><\/h3>\n\n\n\n<p>Une progression \u201csur-mesure\u201d pour des r\u00e9sultats concrets et rapides<br><\/p>\n<\/div><\/div>\n<\/div>\n<\/div>\n<\/div><\/div>\n\n\n\n<div class=\"wp-block-buttons is-content-justification-center is-layout-flex wp-container-core-buttons-is-layout-16018d1d wp-block-buttons-is-layout-flex\">\n<div class=\"wp-block-button is-style-primary\"><a class=\"wp-block-button__link wp-element-button\" href=\"https:\/\/philippemiska-conseils.com\/?page_id=85\">EN SAVOIR PLUS sur nos services<\/a><\/div>\n\n\n\n<div class=\"wp-block-button is-style-primary\"><a class=\"wp-block-button__link wp-element-button\" href=\"https:\/\/philippemiska-conseils.com\/?page_id=83\">QUI SOMMES-NOUS ?<\/a><\/div>\n<\/div>\n\n\n\n<p><\/p>\n","protected":false},"excerpt":{"rendered":"","protected":false},"author":1,"featured_media":0,"parent":0,"menu_order":0,"comment_status":"closed","ping_status":"closed","template":"","meta":{"neve_meta_sidebar":"","neve_meta_container":"default","neve_meta_enable_content_width":"on","neve_meta_content_width":100,"neve_meta_title_alignment":"","neve_meta_author_avatar":"","neve_post_elements_order":"","neve_meta_disable_header":"off","neve_meta_disable_footer":"","neve_meta_disable_title":"on","footnotes":""},"class_list":["post-7","page","type-page","status-publish","hentry"],"_links":{"self":[{"href":"https:\/\/philippemiska-conseils.com\/index.php?rest_route=\/wp\/v2\/pages\/7","targetHints":{"allow":["GET"]}}],"collection":[{"href":"https:\/\/philippemiska-conseils.com\/index.php?rest_route=\/wp\/v2\/pages"}],"about":[{"href":"https:\/\/philippemiska-conseils.com\/index.php?rest_route=\/wp\/v2\/types\/page"}],"author":[{"embeddable":true,"href":"https:\/\/philippemiska-conseils.com\/index.php?rest_route=\/wp\/v2\/users\/1"}],"replies":[{"embeddable":true,"href":"https:\/\/philippemiska-conseils.com\/index.php?rest_route=%2Fwp%2Fv2%2Fcomments&post=7"}],"version-history":[{"count":125,"href":"https:\/\/philippemiska-conseils.com\/index.php?rest_route=\/wp\/v2\/pages\/7\/revisions"}],"predecessor-version":[{"id":549,"href":"https:\/\/philippemiska-conseils.com\/index.php?rest_route=\/wp\/v2\/pages\/7\/revisions\/549"}],"wp:attachment":[{"href":"https:\/\/philippemiska-conseils.com\/index.php?rest_route=%2Fwp%2Fv2%2Fmedia&parent=7"}],"curies":[{"name":"wp","href":"https:\/\/api.w.org\/{rel}","templated":true}]}}